Let k(g) = -g**3 - 6*g**2 + 7*g - 2. Let u be k(-7). Let x be 4*(t + (-2 - u)). Determine c(x).
2
Let p(r) = 3*r. Let z = -5 + 5. Let w = z - -4. Suppose -2*g = 2*g - w. Give p(g).
3
Let a(w) be the first derivative of -2*w**3 - w + 8. What is a(1)?
-7
Let j(t) be the first derivative of t**4/4 + 2*t**3/3 + t**2/2 + t - 7. Determine j(-2).
-1
Let k(q) be the second derivative of 0*q**3 + 1/12*q**4 + 8*q + 0 - q**2. Give k(3).
7
Let p(d) = d**2 + 29*d + 27*d - 3 - 53*d. Determine p(2).
7
Let h(r) = 4*r**3 + 5*r**2 - 6. Let v(u) = 5*u**3 + 5*u**2 + u - 7. Let b(n) = -4*h(n) + 3*v(n). Calculate b(-5).
-12
Let v(j) = -j - 1. Let h(z) = -z + 7. Let l(g) = -g + 3. Let p(c) = 6*h(c) - 11*l(c). Let x = 2 + -3. Let r(t) = x*p(t) - 2*v(t). Give r(-5).
8
Let w(c) = 4*c**3 - 11*c**2 - 3*c - 2. Let l(q) = -2*q**3 + 6*q**2 + 2*q + 1. Let j(d) = -5*l(d) - 3*w(d). Determine j(2).
-5
Let s(t) = -t**3 - 5*t**2 - 2. Let n(f) = f. Let i be n(5). Suppose i*j = -0*j - 25. Calculate s(j).
-2
Let z be (4/6)/((-10)/15). Let s(u) be the third derivative of -u**6/24 - u**5/30 + u**3/6 + 7*u**2. Give s(z).
4
Let z(q) be the second derivative of 1/2*q**4 + 0 - q - 5/6*q**3 - 3/2*q**2 - 1/20*q**5. What is z(5)?
-3
Let f(b) = -2*b - 8. Suppose -3*a - 3*u - 24 = 0, 2*a = 5*u - 3 - 6. Give f(a).
6
Let k(v) be the third derivative of -4*v**2 + 1/180*v**6 - 1/12*v**4 + 0*v + 0*v**5 + 2/3*v**3 + 0. Let x(d) be the first derivative of k(d). What is x(2)?
6
Let s(f) be the third derivative of f**4/8 + f**3/6 - 12*f**2. What is s(2)?
7
Let q be 7 + -2 - -2*1. Suppose q*o - 5*o + 6 = 0. Let p be (-3)/o + 0 + 4. Let l(b) = b**2 - 5*b + 1. Give l(p).
1
Let v = 4 - 2. Let h(k) = 0*k + v + 2*k**2 + 2*k + 0*k. Let i = -3 - -1. Give h(i).
6
Let t(k) be the second derivative of k**5/20 - k**4/2 - 3*k**2 - 5*k. Suppose -4 - 2 = -n. What is t(n)?
-6
Let n(k) = 4*k**2 - 5*k - k**2 - 2*k**2 - 7 + 16. Let m be n(6). Suppose 2*g - 9 = -0*g - 3*u, 0 = -2*g + 5*u - m. Let i(l) = -l**2 - l + 8. Give i(g).
8
Let d(t) = -t**2 + t. Let m be ((-12)/(-15))/((-2)/(-10)). Suppose 25 = -5*f - 5*y, 0 = -3*f - f + m*y + 20. Let w be f*(0 - 1)/(-2). Determine d(w).
0
Let u(k) be the first derivative of k - 3 - 1/2*k**2 + k**4 + 0*k**3. Calculate u(1).
4
Let f(n) = n**3 + 2*n**2 - 6*n - 2. Let c be 1 + -3 + -2 + 0. Determine f(c).
-10
Let m(w) = -w**2 - 7*w. Suppose -c = -5*y - 26, -c + 2 - 1 = 0. Calculate m(y).
10
Suppose 0 = -m, -3*j = -2*j - m - 5. Suppose -2*x = -6*x, -j = s + 3*x. Let a(z) = -z**2 - 4*z + 1. Give a(s).
-4
Let h(v) = -v**3 - 5*v**2 + 7*v + 9. Let c(k) = -3*k - 14. Let m be c(-10). Let o be ((-4)/(-5))/(m/(-120)). Determine h(o).
3
Suppose n - 2 + 3 = 0. Let b(l) = 6*l**2 - 5*l**2 - 2*l**2 - l**2. Give b(n).
-2
Let g(o) = -4*o**2 - o - 2. Let h(l) = -7*l**2 - 3*l - 5. Let b(s) = 5*g(s) - 2*h(s). Give b(-1).
-7
Let z be (0 + (-1 - -2))*0. Let k(n) be the second derivative of 1/12*n**4 + 1/2*n**2 - 1/3*n**3 + z - 3*n. Determine k(2).
1
Let s(x) = 1 - 2 - x - 2 + 8. Let r be 1/4 + 50/(-8). Calculate s(r).
11
Let c = -14 - -13. Let s be 9 + (-3 - c) - 2. Let b(o) = o - 2. Give b(s).
3
Suppose -3*c - 2*g + 6 = -13, 3*c = 3*g - 6. Suppose -4*w + 7 = c*d, w = d - 5*d - 8. Let l(j) = j**3 + 2*j**2 - 2*j. Calculate l(d).
-3
Suppose -3*u - 8 = 2*d, -4*d + d - 12 = u. Let z(y) = -y**3 - 4*y**2 + y - 1. Give z(d).
-5
Let k be (-5)/(-10)*-1*6. Let z(m) be the second derivative of 1/2*m**3 + 5/12*m**4 - m**2 + 1/20*m**5 + 0 - 2*m. What is z(k)?
7
Let m(x) = -6*x**2. Suppose 22 = 3*o + 2*i, 4*o - 11 = i - 0*i. Suppose 3*k - 2*k + 5*a - 15 = 0, -5*k - 12 = -o*a. Suppose k = -0*p + 5*p - 5. Give m(p).
-6
Suppose 2*i = 5*p + 6 - 1, 2*p + 8 = 2*i. Let s be 1/(-1) - (-2 + p). Suppose -3*z + z = s. Let h(d) = d**3 - d**2 - 5. Determine h(z).
-5
Let t(v) = -v**3 - 8*v**2 + v + 6. Let o = -34 + 26. Give t(o).
-2
Suppose 6 + 2 = 2*b. Let t be b/(-3)*15/10. Let p(n) be the third derivative of n**5/20 + n**4/12 - n**3/6 - 5*n**2. Give p(t).
7
Suppose 0 = -3*z + 7 - 19. Let i(b) = b**2 + 4*b - 2. What is i(z)?
-2
Let h(m) = m**3. Suppose 8 - 3 = 5*w. Let x be h(w). Let z(s) = 6*s**3 - s**2 - s + 1. Calculate z(x).
5
Let s be ((-2)/1 - -3) + 1. Suppose 4*v + 36 = -s*v. Let i(q) = -3*q + 11. Let x(d) = d - 5. Let n(z) = 2*i(z) + 5*x(z). Give n(v).
3
Let l = 2 + 1. Suppose -l = 4*w + 5*t + 9, -24 = -2*w + 5*t. Let a(o) = -4*o + 4*o**3 + 2*o**2 - o**3 - w + o**2 - 2*o**3. Give a(-4).
-2
Suppose -4*q + 9 = -q. Suppose 5 = q*s + 2*s. Let b(t) = 6*t**2 - 3*t**2 + t - 2*t - t**3. Calculate b(s).
1
Let y(v) be the second derivative of -v**4/24 + 5*v**2/2 - 6*v. Let c(m) be the first derivative of y(m). Give c(1).
-1
Suppose -3*u + 4*u + 1 = 0. Let y(w) = -5*w - 8*w**2 + 3*w - 3*w**2 + 4*w**2 - 1. Calculate y(u).
-6
Let f(u) = u**2 - 3*u - 10. Let g be f(4). Let o(d) = -d + 6. Let a(v) = 4*v - 25. Let l(n) = -n**2 - 1. Let k be l(-5). Let t(r) = g*a(r) + k*o(r). Give t(4).
2
Let y(j) = j**2 + 9*j + 6. Suppose 5*u + 36 = -9. Calculate y(u).
6
Let z(x) = 18*x**2 - x**3 + 22*x**2 + x + 0 - 45*x**2 + 1. Let s = 21 - 33. Let d = 7 + s. What is z(d)?
-4
Let w(h) = 5*h**2 + h. Let s(y) = y**3 + 4*y**2 + 1. Let b be s(-4). Determine w(b).
6
Let x(i) = 12*i - 1. Suppose c - 35 = -36. Determine x(c).
-13
Let x be (-1 - 8/4)/(-1). Let f(h) = -4*h**3 + 5*h + 5*h**2 + 0*h**x + 3*h**3 + 2 + h. Calculate f(6).
2
Let j be 4/(-6) + 72/27. Let r(c) = 6*c**2 - c**3 + 5 - 3*c**j + c**2. Let x = -5 - -9. What is r(x)?
5
Let x = 5 + -2. Let v be -3*(-2 + -1)/x. Let t(s) = -2*s + 0 - 4 + v. Determine t(-3).
5
Let g be (4 + (-1 - 1))*-1. Let f(m) be the first derivative of -m**3/3 - 5*m**2/2 - m + 1. Give f(g).
5
Let r(i) = -3*i**2 - 1 + 0*i**2 + i**2 + i**2 + i. Give r(1).
-1
Let h(k) = -k**3 - 5*k**2 - 3*k. Let d = -18 - -14. Give h(d).
-4
Let z(p) = 4*p + 7. Let k be z(-3). Let h(d) = d**3 + 6*d**2 + 4*d - 6. What is h(k)?
-1
Let a(m) = -m**3 + m + 0*m**3 + 6 + 4. Suppose 0 = -l + 27 - 12. Suppose 3*k - 2*f + 5*f - l = 0, 2*k = 3*f - 15. What is a(k)?
10
Let n(y) = -9*y**2 - y + 15. Let q(a) = -5*a**2 - a + 8. Let g(d) = -6*n(d) + 11*q(d). What is g(-2)?
4
Let s(x) = -13*x - 3. Let a(r) = -7*r - 2. Let l = -15 + 22. Let q(p) = l*a(p) - 4*s(p). Calculate q(4).
10
Let n(j) = -j + j**3 + 4 + 1 - 6*j**2 + 5*j**2 - 5*j**2. Let o be (-4)/(-2) + 1*4. Give n(o).
-1
Let v(s) be the second derivative of s**3/3 - 2*s**2 - s. Let f(n) = -n**2 - 3*n + 2. Let z be f(-3). Suppose -5*h + z*h = -12. Calculate v(h).
4
Let g(i) = -7*i. Let n = -5 + 3. Give g(n).
14
Suppose 2*n - g = -n + 10, 3*g + 10 = 4*n. Let s(v) = -3*v + 15. Let m(d) = -d + 5. Let r(p) = p - 1. Let j be r(-6). Let a(y) = j*m(y) + 2*s(y). What is a(n)?
-1
Let f(m) = m**3 - 4*m**2 - 7*m + 3. Let p be f(5). Let t(d) = -d - 1. Determine t(p).
6
Let q(w) = w**2 + 6*w - 5. Suppose 4*o + 22 + 2 = 0. Determine q(o).
-5
Suppose -2*x + x = -2. Suppose -y - 15 = -6*y. Suppose x*i = -2*l + 22 - 2, 5*l = -y*i + 40. Let q(o) = -o + 11. Give q(i).
6
Let n(l) = l**3 - 7*l**2 + 6*l + 3. Let c(b) = 4*b**2 - 4. Let d be c(3). Let v = -8 + d. Suppose 3*j + j - v = 0. What is n(j)?
3
Let y(v) = 2*v**2 + 25*v - 27. Let b(g) = g**2 + 13*g - 14. Let c(r) = -11*b(r) + 6*y(r). Determine c(-7).
-8
Suppose 0 = -4*b - 0*b + 20. Let c(l) = -l**2 - 6 + 5*l + 0*l + b. Determine c(5).
-1
Let x(i) = 2 - 9*i + 12*i + 3. Determine x(-4).
-7
Let b(u) = 5 + 21 + u**2 + 7*u - 38. Calculate b(-9).
6
Let u = -3 - -2. Let k be ((-1)/u)/1 + -1. Let l(x) = -1 - x**3 + k*x**2 + 2*x + 0*x - x**2. Give l(-3).
11
Let g(z) = -z**2 + 4*z + 4. Suppose 2*a = -7 + 17. What is g(a)?
-1
Let g(b) = 4*b**2 - 1 - 3*b**2 + 0 - b**3 + 0. What is g(0)?
-1
Let t be ((-5)/3)/((-15)/18). Let v(f) = -3*f**2 + 1. Let w(j) = -10*j**2 - j + 3. Let z(k) = 7*v(k) - 2*w(k). Determine z(t).
1
Let r(x) = x**2 + 11*x + 2. Let i be r(-11). Let y(p) = p**2 + p + 1. Give y(i).
7
Let p(c) = 18*c - 5. Let t(k) = 9*k - 2. Let j(n) = -4*p(n) + 9*t(n). Determine j(2).
20
Let b(u) = u. Let h(d) = 1. Let m(j) = b(j) - 4*h(j). Calculate m(7).
3
Let m be (-5)/((-5)/(-2)) - -4. Let i be (4/(-10))/((-3)/15). Let c(j) = 4*j**2 + 1 - 6*j**i + j**3 - j + j**3. Determine c(m).
7
Let l = -1 - -2. Let x = 1 - l. Let v(k) = -3*k + 0*k + x*k - k - 2. Give v(2).
-10
Let w(a) = 2*a + 3